highest common divisor of 1012 and 72850660?
92
Calculate the highest common divisor of 173783640 and 1720.
1720
What is the highest common factor of 3444 and 45490074?
1722
What is the greatest common factor of 106886372 and 212?
212
Calculate the highest common factor of 652 and 345475892.
652
What is the highest common factor of 1520 and 74587008?
304
What is the greatest common factor of 184 and 37062296?
8
What is the highest common divisor of 218387169 and 2772?
693
What is the greatest common divisor of 1837079 and 2?
1
Calculate the highest common factor of 310797 and 19683.
243
Calculate the highest common factor of 3717691 and 13801.
373
What is the highest common factor of 425941 and 2259929?
2713
Calculate the highest common divisor of 13533 and 2329411.
347
What is the highest common divisor of 4968 and 16607592?
216
What is the greatest common divisor of 142788 and 164467?
163
Calculate the greatest common divisor of 909 and 272968256.
101
What is the greatest common factor of 92256226 and 262?
262
What is the greatest common divisor of 565230 and 4530?
30
Calculate the greatest common factor of 400 and 24850100.
100
What is the highest common factor of 1018 and 5698764?
1018
What is the highest common divisor of 5399649 and 214515?
6129
Calculate the highest common factor of 615 and 20874600.
15
What is the greatest common divisor of 22952304 and 288?
144
Calculate the highest common factor of 179620 and 8680.
140
What is the greatest common factor of 18137 and 10169675?
2591
What is the highest common factor of 17376669 and 1918?
137
Calculate the greatest common factor of 1496969275 and 670.
335
Calculate the highest common factor of 16047640 and 38332.
1036
Calculate the highest common factor of 9262 and 5446046738.
9262
What is the greatest common factor of 22336421 and 2115?
47
What is the highest common divisor of 10137 and 183179?
31
Calculate the highest common divisor of 610580 and 2020.
20
Calculate the greatest common divisor of 27365331 and 1127.
161
What is the highest common factor of 1 and 626113?
1
What is the greatest common divisor of 7 and 78898575?
7
Calculate the highest common divisor of 34256173 and 119.
119
Calculate the highest common factor of 154 and 143605462.
154
Calculate the highest common divisor of 307899928 and 168.
56
Calculate the greatest common divisor of 238646934 and 18.
18
Calculate the highest common factor of 655 and 180474770.
655
What is the greatest common divisor of 1566 and 1447332?
174
What is the greatest common divisor of 1314832 and 36038?
74
Calculate the greatest common factor of 53615365 and 5605.
295
What is the greatest common divisor of 44 and 34893353?
11
Calculate the greatest common divisor of 92 and 161829886.
46
What is the highest common factor of 42 and 51372398?
14
Calculate the greatest common divisor of 20328 and 5993526.
462
Calculate the highest common divisor of 1003732 and 59831.
893
Calculate the greatest common factor of 1794792 and 714.
102
Calculate the highest common divisor of 40545 and 38165.
85
Calculate the highest common divisor of 402135 and 880464.
4233
What is the highest common divisor of 14289 and 84117?
33
Calculate the highest common factor of 1490 and 101561678.
298
Calculate the highest common divisor of 26 and 6423794.
26
What is the greatest common factor of 7 and 27773060?
7
Calculate the highest common factor of 13225 and 246773900.
575
What is the greatest common divisor of 116 and 45402748?
116
Calculate the highest common factor of 10191 and 13720483.
3397
Calculate the highest common divisor of 3025 and 545075.
25
What is the highest common divisor of 1215964 and 50002?
46
Calculate the highest common divisor of 116640 and 187056.
432
What is the greatest common factor of 1028768 and 416?
416
Calculate the greatest common divisor of 161 and 4385479.
161
Calculate the highest common divisor of 3712 and 1005836.
116
What is the highest common factor of 398779 and 25085?
29
What is the highest common divisor of 5 and 2242111?
1
Calculate the greatest common factor of 46079 and 3191166.
781
Calculate the highest common factor of 3042737078 and 578.
578
What is the highest common divisor of 1546576 and 1936?
16
Calculate the greatest common factor of 1 and 2036339.
1
What is the greatest common divisor of 36119 and 1234791?
19
Calculate the highest common factor of 26287860 and 12.
12
Calculate the highest common factor of 1760 and 65274110.
110
Calculate the greatest common divisor of 59031096 and 1488.
24
What is the greatest common factor of 346 and 76374829?
173
What is the highest common divisor of 1029810 and 4290?
30
Calculate the highest common factor of 24290 and 1614270.
70
What is the highest common divisor of 5912 and 5617139?
739
What is the greatest common divisor of 18670970 and 2966?
2966
Calculate the highest common divisor of 408375 and 22143.
363
What is the highest common divisor of 15907718 and 174?
58
Calculate the greatest common factor of 1084442 and 62.
62
Calculate the greatest common factor of 131520052 and 8436.
2812
What is the highest common divisor of 3536 and 13334416?
16
Calculate the highest common divisor of 592832 and 39648.
1888
What is the highest common factor of 737330 and 330?
110
Calculate the highest common divisor of 1043161 and 1748565.
2989
What is the highest common divisor of 150005 and 22895?
95
Calculate the greatest common factor of 20679661 and 75283.
5791
Calculate the highest common factor of 70540 and 46771547.
3527
What is the highest common divisor of 132227656 and 4984?
712
Calculate the greatest common factor of 324 and 11305278.
54
What is the greatest common factor of 417989 and 24013?
407
Calculate the highest common divisor of 239 and 14810113.
239
Calculate the greatest common factor of 1 and 47166089.
1
Calculate the greatest common factor of 120736246 and 92.
46
Calculate the highest common divisor of 686094 and 299136.
246
What is the highest common factor of 59831 and 4316743?
1273
What is the highest common divisor of 6144 and 656?
16
What is the greatest common divisor of 378 and 69012027?
189
What is the greatest common factor of 1422720396 and 58?
58
Calculate the greatest common divisor of 208494 and 17556.
66
Calculate the highest common factor of 1705 and 26795811.
31
What is the greatest common divisor of 11403 and 4067?
7
What is the highest common factor of 189168 and 390640?
16
Calculate the greatest common factor of 121 and 1111099.
11
Calculate the highest common divisor of 129 and 903174795.
129
What is the highest common divisor of 548780 and 40?
20
Calculate the greatest common factor of 390637 and 403.
13
Calculate the highest common factor of 1806 and 94156713.
903
What is the highest common divisor of 28455540 and 30?
30
What is the highest common factor of 11889 and 12417?
3
Calculate the highest common factor of 52244 and 573625.
353
Calculate the greatest common divisor of 24 and 847489200.
24
Calculate the highest common factor of 277265008 and 6832.
976
What is the greatest common divisor of 2961980 and 4270?
70
Calculate the highest common divisor of 17227298 and 81631.
451
Calculate the greatest common divisor of 440187 and 1034.
11
Calculate the highest common factor of 351 and 1126671039.
351
What is the highest common divisor of 7628 and 1764684404?
7628
Calculate the highest common divisor of 2953834 and 28444.
26
What is the greatest common divisor of 1690 and 5161585?
65
Calculate the greatest common divisor of 61194 and 190898.
62
Calculate the greatest common factor of 15655 and 2408850.
505
Calculate the highest common divisor of 5 and 175511130.
5
Calculate the highest common factor of 62650618 and 2946.
982
What is the greatest common divisor of 1738 and 731382553?
869
What is the greatest common factor of 1423709 and 28?
7
What is the highest common divisor of 34144658 and 522?
58
What is the greatest common divisor of 54124 and 784?
28
Calculate the highest common divisor of 137929413 and 69.
69
Calculate the greatest common divisor of 71552 and 2858752.
1664
What is the greatest common divisor of 410784 and 26400?
1056
What is the greatest common divisor of 798 and 650237?
133
What is the greatest common factor of 14215220 an